9 - -14. Let p be (-12)/(-16) - l/4. Suppose -p*g + 0*g = -178. Is g prime?
True
Suppose 4*f - 2*f - 10 = 2*r, -3*f - 2*r = 10. Suppose -2*w + 2 = f, 0*i + 5*i - 5*w = 4880. Is i composite?
False
Suppose -5*c - 3*b = 90, 0 = b - 3*b. Let f(y) = 12*y**2 + 2*y - 3. Let z be f(2). Let u = c + z. Is u a composite number?
False
Let g(r) = -2*r**3 + 10*r**2 - 14*r - 22. Is g(-8) a prime number?
False
Let n = -443 + 1209. Suppose 227 = 3*o - n. Is o a prime number?
True
Let z(o) = 79*o**2 - 29*o + 1. Let c be z(-14). Suppose -w + 4*w - c = 0. Is w a prime number?
True
Let b(u) = -u + 2*u - 2*u**2 + 44*u**3 + 0*u**3. Let y(m) = -m**2 - 6*m + 8. Let z be y(-7). Is b(z) a composite number?
False
Let n = 244 - 52. Let f be n + -5 + (0 - -4). Suppose 3*i + f = 4*i. Is i prime?
True
Let q(j) = 11 + 34*j**2 + 13*j - 3*j + 4*j. Is q(-6) a prime number?
True
Suppose -4*m + 3*j = -24201 + 5914, m + 4*j - 4567 = 0. Is m a prime number?
False
Suppose -8 = -4*n + 4*v, 0*v + 5*v - 8 = -n. Suppose g = -4, 3*l - n*g - 569 = -4*g. Is l a composite number?
False
Let t = 87753 + 196046. Is t composite?
False
Suppose 5*u = 3*w - 5*w - 7, -u - 1 = 0. Is (w/3)/((-2)/9498) a composite number?
False
Let z(x) = 331*x**2 - 157*x + 27. Is z(11) a prime number?
True
Suppose 32*o - 27*o = 20. Suppose -s + o*s - 2*x = 143, 231 = 5*s + 4*x. Is s prime?
True
Suppose 4*j = -q - 11967 + 107623, 4*j - q = 95664. Is j a composite number?
True
Let x = 882 + 2444. Is x a prime number?
False
Let z = -47 - -62. Let o = z + -12. Is o a prime number?
True
Suppose 0*t = 3*t. Suppose 3*y - 8*y - 4*v = -10801, -3*y - 3*v + 6480 = t. Is y composite?
False
Suppose -11*n + 1158 = 179. Is n prime?
True
Let r(d) = d**3 + 5*d**2 + 4*d - 5. Let g be r(-4). Let i = g - -2. Let x(s) = 32*s**2 - 4*s - 1. Is x(i) a prime number?
False
Let d(b) = -5*b**2 - b + 1. Let m(p) be the second derivative of p**4/2 + p**3/6 + 3*p. Let q(n) = -3*d(n) - 2*m(n). Is q(2) prime?
True
Suppose -335 + 85 = -2*a - p, -5*a + 4*p + 612 = 0. Suppose -4*j + a = -0*j. Is j a composite number?
False
Suppose 0 = 8*i - 117703 - 16593. Is i a composite number?
False
Let u(b) = 2*b + 29. Let n be u(-13). Suppose -4*j + 3*j + 178 = n*r, 0 = -j - 2*r + 175. Is j composite?
True
Suppose -13409 = -6*b + 27877. Is b prime?
False
Let j be (-60)/(-18) - (-1)/(-3). Let q be j + (-552)/(0 - 1). Suppose 4*x - q = x. Is x a prime number?
False
Suppose -32*a - 318 = -29*a. Let x = a + 625. Is x composite?
True
Suppose -4*h = 1 - 65. Let l = h + 597. Let o = -114 + l. Is o prime?
True
Is (-2 - -1)*((-940 - 3) + 0) a prime number?
False
Let p(c) = 19*c**3 - 2*c - 1. Let r be p(-1). Let q be (8/(-10))/(r/(-45)). Is q/4*(-350 - 6) a composite number?
True
Suppose 0 = -3*a + t + 3 + 5, -t - 2 = 0. Suppose 0 = k - a, 5*u + 3*k - 1513 = 4*k. Is u prime?
False
Let t = -51 + 55. Suppose -2*k + 56 = t*r, k = 5*r - 12 - 65. Is r prime?
False
Suppose 9*t - 2785 = 4*t. Is t composite?
False
Is 3638 + 1 - 0/10 - 4 prime?
False
Let j be -3 - (-10)/(-6)*-3. Suppose 5*c - j*c = -3*n + 1344, -c - 4*n = -463. Is c a composite number?
False
Let m(j) = -j**2 + 5*j - 1. Suppose 5*q = -5, -5*q + 3 = h - 4*q. Let v be m(h). Suppose -v*p + 113 + 370 = 0. Is p a prime number?
False
Let m(u) = -u**2 - 17*u - 9. Let a = -37 + 26. Is m(a) a prime number?
False
Suppose 2*g + 257 = 3*r + 15, 0 = 2*g - 4. Let b = 6 - r. Let z = b + 155. Is z a prime number?
True
Let t(u) = 625*u - 547. Is t(8) composite?
True
Let l = 19 + -12. Suppose 0 = -o + l*o - 24. Is 2/o*(-2044)/(-2) a prime number?
False
Let w(s) be the second derivative of -s**3/3 - s**2 + 3*s. Let d be w(-5). Is ((-22)/d)/(4/(-208)) prime?
False
Let u be (-3)/(-2)*70/(-15). Let v(r) = -35*r + 2. Is v(u) a composite number?
True
Let c be (5 - -14) + -1*1. Suppose -q + c - 165 = 5*g, 3*q - g = -441. Let s = 2 - q. Is s a composite number?
False
Suppose -3*z + 143 = 5*k, 10*z = 5*k + 5*z - 175. Is k composite?
False
Let k be 10/35 - 2/7. Suppose -t - 195 = -k*t. Is ((-7)/3)/(5/t) prime?
False
Let p = -3 - -10. Let f(r) = 10*r - 17. Is f(p) a composite number?
False
Let g = -2051 + 3614. Is g composite?
True
Let o(d) be the third derivative of 331*d**5/20 + d**4/12 - d**3/6 - d**2. Let m be o(1). Is m/6 + 5/15 a composite number?
True
Let s(l) = 16*l**2 - 6*l - 11. Is s(3) prime?
False
Suppose -29333 - 26897 = -10*g. Is g a prime number?
True
Let d(i) = -i + 3. Let m be d(-2). Suppose 11*s = m*s + 3390. Let r = s + -234. Is r a composite number?
False
Suppose -828 = -4*z - 4*n, 7*z - 3*z - 834 = -2*n. Let f be 244/7 + (-14)/(-98). Suppose 5*v = z - f. Is v prime?
False
Let k(y) = -y**3 + y + 4. Let z be k(0). Suppose -5*t + 10*t = -z*m + 8277, 5*t = -5*m + 8275. Is t composite?
False
Suppose 0 = 3*j + 37 - 13. Let q be ((-4)/(-8))/((-1)/j). Suppose -5*k + 3*r + 69 = -314, q*r = -2*k + 174. Is k prime?
True
Suppose -12 = -2*d - 3*n, 7*n = -2*d + 3*n + 16. Let m(p) = p - 27 + d*p + 33. Is m(5) prime?
True
Is -7 + 11 + 2381 + 6 prime?
False
Let w = 1212 + 276. Let h = w - 337. Is h composite?
False
Is (-148840)/(-9) - (12 + 990/(-81)) a prime number?
False
Let x(z) = -z**2 + z + 1. Let s(l) = -l**3 - 7*l**2 - 8*l + 20. Let d(n) = s(n) + x(n). Is d(-10) a prime number?
False
Let f(v) = -v**3 + 2*v**2 - v + 4. Let a be f(2). Is 11/(2*a/68) a prime number?
False
Suppose -6 = 6*i - 4*i. Let c be (i/5)/(3/(-30)). Is (-67)/(-4 + -3 + c) prime?
True
Let j(q) = 4632*q + 2. Let l be j(4). Let m = l + -13047. Is m prime?
True
Let l = -1 - -24. Suppose -3*b - 4*t = -l, 0 = 5*b + t - 0 - 27. Suppose -b*o - 16 = -461. Is o composite?
False
Let m be -4*(-2)/((-4)/5). Let i be ((-4)/m)/(4/5240). Suppose -2*w + i = 2*w. Is w composite?
False
Let v(j) = 16*j - 9. Let o be 1 - -25 - 2/2. Suppose 2*c - o + 9 = 0. Is v(c) prime?
False
Suppose 0 = -2*r, -5*v + 2*v - 4*r = 45. Let d = -13 - v. Suppose 1 + 137 = d*j. Is j composite?
True
Let m be (-11)/(-55) - 2/10. Suppose -7*f + 5*f + 6 = m. Is (-1 - (-2)/f)*-897 a prime number?
False
Is (-96)/120 + 36838/10 prime?
False
Suppose -47 + 7 = -4*c - 5*g, -2*c + 10 = 5*g. Suppose -2*b - b + c = 0. Suppose -b*j + 4 = -106. Is j a prime number?
False
Let p(o) = -17285*o - 131. Is p(-2) a composite number?
False
Let f = -20 - -20. Let m(t) = -t**3 + t**2 + t + 319. Is m(f) composite?
True
Let a = 1 + -1. Let q be (a + -2)*(-21)/6. Suppose -q - 37 = -2*z. Is z a composite number?
True
Let v(q) = -31*q**2 + 13*q. Let p be (-9)/27 - 20/3. Let w(i) = -30*i**2 + 12*i - 1. Let k(z) = p*w(z) + 6*v(z). Is k(3) composite?
True
Let p(k) = 10*k**3 - 34*k**2 + 3*k + 18. Let j(w) = -3*w**3 + 11*w**2 - w - 6. Let x(b) = 7*j(b) + 2*p(b). Is x(7) a composite number?
True
Suppose 0 = -d - 3*o + 3, -4*o = -7*d + 2*d + 15. Let l(g) be the second derivative of g**3 + 2*g**2 - 16*g. Is l(d) a composite number?
True
Let d = -1980 + 14287. Is d a composite number?
True
Let u = -2064 + 2941. Is u prime?
True
Suppose -2*i = 2*k - 3118, 3*k - 4637 = -0*k + 5*i. Let s = k + -863. Is s composite?
False
Let h(n) = n**3 + 51*n**2 + 2*n + 135. Is h(-51) a composite number?
True
Suppose 0 = -5*d + 3*y + 21850, -d + 3*y + 13104 = 2*d. Is d composite?
False
Suppose 3*h + 2*h - 355 = 0. Suppose -t - f = -5*t + h, -5*f = 5*t - 120. Suppose t = -4*s + 59. Is s a prime number?
False
Let x = -18 - -18. Suppose -4*z = -5*t + z - 15, z = x. Is (t - 4)*4/(-2) composite?
True
Let i(s) = -s**3 - s**2 + s + 1. Let v be i(-2). Suppose 2*r + 3 = -a + 4*r, -2*r + 31 = v*a. Let y(z) = 12*z**2 + 4*z + 15. Is y(a) a composite number?
False
Let l be 64/(-40)*10/(-4). Suppose -l*s + 187 = -153. Is s a prime number?
False
Let l(g) = 1072*g + 303. Is l(8) a composite number?
True
Let p(u) = 7*u + 318*u**3 - 6*u**2 + u**2 - 305*u**3 + 0*u**2 + 1. Is p(4) prime?
False
Let m(d) = 4*d + 20. Let r(q) = 5*q + 19. Let y(c) = -3*m(c) + 2*r(c). Let b be y(-12). Suppose b*s = 6*s - 580. Is s a prime number?
False
Let y = -10507 + 30158. Is y prime?
False
Suppose h + 2*w = -3*w + 6, -2*w = 5*h + 39. Let b(k) = -121*k - 42. Is b(h) composite?
True
Let w(x) = -1516*x - 145. Is w(-8) prime?
False
Suppose -252 = -5*s - 3*t, -2*t - 199 = -4*s - 7*t. Let j = s + 38. Is j composite?
False
Let h = 1575 - -2218. Is h prime?
True
Suppose 4*i = -3*q + 11717, 13*i + 7812 = 2